digit of o?
1
Let v = -96 - -97. Let w be 0/(8 - 6) - 0/v. Let c(b) = 2*b**2 - 2*b + 58. What is the units digit of c(w)?
8
Let j be (-30)/(-14) + (-2)/14. Suppose -j*z - 16 = -2*y + 3*z, -4*z = 4*y - 4. Suppose -6 = 3*a - y*p - 150, 0 = 2*a + p - 90. What is the tens digit of a?
4
Suppose 0 = 15*d - 20*d - 10. Let t be (-2)/(-10) + 18/(-15) + d. What is the tens digit of (1 + -7)*-12 - (t + 1)?
7
Let w be (-356 + 2)*(5/(-15))/1. What is the hundreds digit of (-38 - -33)/((-5)/w)?
1
Let o = -4011 - 202. What is the units digit of 56/(-35) + o/(-5)?
1
Let w(j) = 149*j**3 - 4*j**2 + 3*j. Let k be 2532/(-42) - ((-4)/14 - 0). Let c = k + 61. What is the units digit of w(c)?
8
Suppose -756 = 4*y - 10*y. Let o be 7/(35/10) - 36. Let i = o + y. What is the units digit of i?
2
Let c be (0 - (-9)/(-6))*-2. Let r be (6 + -4 + c + -3)*4. Suppose r*w - 73 = 7*w. What is the tens digit of w?
7
Let y = 5299 - 5351. Let o = -414 + 638. Let h = y + o. What is the hundreds digit of h?
1
Let o be 3 + (-6 - -4) - -22. Let x = 287 + o. What is the tens digit of x?
1
Let w(x) = -x**2 - 12*x + 93. Let p be w(-22). Let c = -133 - p. What is the units digit of 4*c/(-48)*578?
9
Let p = -7398 + 12082. What is the thousands digit of p?
4
Let p(b) = -b**3 + 9*b**2 + 24*b - 5. Let k be p(10). Let o = 532 - k. What is the hundreds digit of o?
3
Let r = 57386 - 37602. What is the ten thousands digit of r?
1
What is the tens digit of 168/140*(-1095)/(-2)?
5
What is the ten thousands digit of (-4 + (-48)/(-18))*521514/(-56)?
1
Let w(d) = 4*d**2 + 4*d + 85. Let p(x) = -2. Let y(u) = 3*p(u) + w(u). What is the units digit of y(-13)?
3
Let l(v) be the third derivative of -v**6/120 + 2*v**3/3 + 2*v**2. Let i = -3953 + 3949. What is the tens digit of l(i)?
6
Let v be 496/36 + (-2)/(-9). Let o(g) = 14 + 42*g**3 - 10*g**2 + 47*g**3 - 88*g**3 - 4*g**2. What is the units digit of o(v)?
4
Let o = -101 - -106. Suppose -155 = -o*l + 345. Let t = l + -61. What is the units digit of t?
9
Let p = 177 - 185. What is the tens digit of p/((-8)/31)*4*2?
4
Let l be -1 - (-4)/((-8)/(-14)). Let d(a) = -8*a - 200. Let o be d(-31). Suppose -390 - o = -l*q. What is the tens digit of q?
7
Let x(u) = 58*u + 100. Suppose -30*w + 35*w = 70. What is the hundreds digit of x(w)?
9
Let s be ((-1)/(-1))/((5/2)/5). Suppose s*y - 276 = 5*y. Let v = y - -110. What is the tens digit of v?
1
Suppose -12*d = -106*d + 339364 - 31608. What is the tens digit of d?
7
Let l(i) = -7*i - 4. Let n be l(-7). Let g be ((-36)/n - 0)/(4/(-1050)). Suppose -3*c + 634 = 2*d, 2*d - g + 4 = -c. What is the units digit of c?
4
Let n(k) = 61*k + 48. Let o = 134 + -121. What is the tens digit of n(o)?
4
Suppose 1831552 = 106*u + 222*u. What is the units digit of u?
4
Suppose -63*v = 28*v - 3536503 - 2778351. What is the thousands digit of v?
9
Let h(a) = -335*a + 1715. What is the hundreds digit of h(-26)?
4
Let j(h) = 413 - 4*h**3 - 839 + 418 + 9*h - 2*h. What is the units digit of j(-4)?
0
Let o(j) be the first derivative of -j**4/4 - 5*j**3/3 - 13*j**2 - 4*j + 105. What is the tens digit of o(-6)?
8
Suppose q + 24 = 2*f, -4*q + 2*q + 78 = 5*f. What is the hundreds digit of f/6*2847/13?
5
Suppose -5*p - 5*b = 20, 4*b - 3 - 26 = 5*p. Let s(i) = -i**3 - 5*i**2 - 3*i + 2. Let a be s(p). Let x = 35 + a. What is the tens digit of x?
5
Let i = -9534 - -9662. Let q be -32*(-2)/(-3)*-3. Let c = i + q. What is the hundreds digit of c?
1
Suppose -5*y + 25 = 0, 3*y = -5*m + 53235 + 19180. What is the ten thousands digit of m?
1
Let q(u) = -u**2 - 4*u - 1. Let r = 23 - 24. Let b be q(r). What is the units digit of (-1)/(b/6 - 24/45)?
5
Let c = 9877 + -1370. What is the hundreds digit of c?
5
Suppose -3*g - 3182 = -w + 4099, 0 = w + g - 7277. What is the units digit of w?
8
Let d = 370 - -9681. What is the units digit of d?
1
Suppose -2*x = -3*x. Suppose 4 = -121*d + 122*d. Suppose -k + d*k - i = 112, x = -4*i - 4. What is the tens digit of k?
3
Let r = -829 + 1272. Let b = r - -953. What is the units digit of b?
6
Let i be (-3 + -13)/(8/60). What is the hundreds digit of (i/16 - -6)*(-254)/1?
3
Let d(g) = 2*g**3 - 16*g**2 - 7*g + 123. Let r be d(23). Suppose -r = -16*p + 3976. What is the thousands digit of p?
1
Let l = 270 + -162. Let v = l - 35. What is the units digit of v?
3
What is the tens digit of (-68278)/(-8) + (6/(-36))/(24/108)?
3
Let o be 9/(-4)*48/18. What is the hundreds digit of ((-118)/o)/((-20)/(-120))?
1
Suppose -5*w = -3*u + 10, 4*w + w - 10 = -u. Let k be ((-622)/2)/(-6*u/(-30)). Let i = k + 587. What is the tens digit of i?
7
Suppose 0 = -3*q - 23*q + 9464. What is the hundreds digit of q?
3
Let c be ((-8)/(-16))/((-2)/16). Let x = c - -8. Suppose 2*r = -i + 77, x*i - 128 = -4*r + 28. What is the tens digit of r?
3
Let p = -4411 + 6499. Suppose 0*m - 4*m + p = 4*d, -5*d - 4*m = -2607. What is the tens digit of d?
1
Let t(n) = 41*n - 31. What is the tens digit of t(57)?
0
Let a = 112 + -114. What is the units digit of (-35607)/(-66) + 1/a + 0?
9
Let y(o) be the first derivative of o**2 + 5*o - 1. Let t be y(0). Suppose -n = 5*c - 85, 5*n - 4*c - 401 = -t*c. What is the tens digit of n?
8
Suppose -787660 = -131*a + 2726868 + 1422207. What is the thousands digit of a?
7
Let o(d) = 13*d + 2651. Let k be o(0). What is the hundreds digit of (-8)/(-10) + k/5?
5
Let z(d) = -d**2 - 151*d - 4970. What is the hundreds digit of z(-99)?
1
Suppose 4*q + 1228 = 2*t, 0*t - 602 = -t + 5*q. Let u = -214 + t. What is the hundreds digit of u?
4
Suppose -2*q - 1040 = -12*q. What is the hundreds digit of q/(-130) + 1829/5?
3
Suppose 34*n = 37*n. Let m = -21 - -21. Suppose m*b + 76 = 2*u - 5*b, -2*u - 5*b + 96 = n. What is the units digit of u?
3
Let x(u) = -u**3 - 7*u**2 + 5*u - 6. Let l(b) = 2*b. Let n be l(14). Let w = 20 - n. What is the tens digit of x(w)?
1
Suppose 762988 = 18*h + 38398. What is the thousands digit of h?
0
Suppose 19*c - 16*c = 180. Let l be ((-4)/10)/((-6)/c). Suppose 62 = 4*a + l*s - 70, 0 = 4*a + s - 141. What is the units digit of a?
6
Let k(w) = -10*w**2 + w + 3. Let z(m) = m**2. Let f(h) = -k(h) + 5*z(h). Let g be 22/(-6)*774/(-946). What is the units digit of f(g)?
9
Let r be (2 - -3)*(-5)/((-100)/8). Suppose r*z = 6*z + 4. What is the tens digit of 53 - -1 - 0 - z?
5
Let w(y) = -3044*y + 35 + 6098*y - 3013*y. Suppose -b + 9 = u, 2*u - 4*u + 28 = 4*b. What is the units digit of w(b)?
0
Let q(g) = -190*g**2 + 58*g - 200*g**2 + 400*g**2 - 4. What is the units digit of q(-6)?
8
Suppose -4*r - 6444 = -13*r. Suppose r*o - 710*o - 10374 = 0. What is the hundreds digit of o?
7
Let t(f) = 3*f + 84. Let s be t(-27). Suppose -s*n + 146 = -n + d, -n + 87 = 4*d. What is the tens digit of n?
7
Let z be (-14)/2 - (-11 + (-9 - -25)). What is the tens digit of (-2 - 56/z)/(1/24)?
6
Suppose 1 = 2*o + 3*s - 254, -2*s - 534 = -4*o. Suppose -7*b = -o - 239. Suppose 3*m - 4*m = -4*u - b, -5*m + 295 = -5*u. What is the tens digit of m?
6
Suppose -l + 8*l = 42550 + 26932. What is the thousands digit of l?
9
Suppose 13*r + 16 = 250. Suppose 5076 = -14*p + r*p. What is the hundreds digit of p?
2
Let y(r) = -r**3 + 16*r**2 + 18*r + 18. Let c be y(17). Suppose 2*f + 6 = 0, -p + 2*f + f - c = 0. Let u = 91 + p. What is the units digit of u?
7
Let o(r) = -18*r - 141. Let l be o(-8). What is the hundreds digit of ((-4)/l)/((-30)/17460)?
7
Let r(o) = 6*o**2 + 2*o - 2. Let z be r(-2). Let l = 3044 - 3001. Let d = l - z. What is the tens digit of d?
2
Let h = -8991 + 13138. What is the hundreds digit of h?
1
Let m = -313 + 1011. Let n = m + -310. What is the tens digit of n?
8
What is the units digit of ((-9)/(-12))/(-3) - ((-129367)/28 - 12)?
2
Let t = -46 - -74. Suppose -4*a + 13 = b + 4*b, -5*b + a + t = 0. Let u(i) = 19*i - 10. What is the tens digit of u(b)?
8
Suppose -3*c = 2*g - 2064, 2*g + 8*c - 9*c - 2048 = 0. Suppose 18*q + g - 3870 = 0. What is the hundreds digit of q?
1
Let n be 12/24 - (-207)/2. Suppose 15*t - 20*t + 5*w + 2270 = 0, 442 = t + 3*w. Suppose 3*d - n = -3*x + t, -x + 5*d + 209 = 0. What is the tens digit of x?
8
Suppose 678*d - 685*d = -77. Suppose -d*b + 12570 = -5360. What is the thousands digit of b?
1
Suppose 8 + 4 = u. What is the units digit of (2 - 5) + 4/(u/303)?
8
Let s = -27275 - -60589. What is the ten thous